{"id":190,"date":"2025-08-04T19:28:07","date_gmt":"2025-08-04T19:28:07","guid":{"rendered":"https:\/\/casa8guadalajara.com\/?page_id=190"},"modified":"2026-01-15T02:18:58","modified_gmt":"2026-01-15T02:18:58","slug":"home","status":"publish","type":"page","link":"https:\/\/casa8guadalajara.com\/","title":{"rendered":"Home"},"content":{"rendered":"<p>[et_pb_section fb_built=&#8221;1&#8243; admin_label=&#8221;Header&#8221; _builder_version=&#8221;4.27.5&#8243; _module_preset=&#8221;8559ffaf-180d-4a1f-a84e-75e7ecf1f617&#8243; background_color=&#8221;RGBA(255,255,255,0)&#8221; background_color_gradient_direction=&#8221;0deg&#8221; background_color_gradient_stops=&#8221;#000000 5%|rgba(30,35,43,0.35) 74%&#8221; background_image=&#8221;https:\/\/casa8guadalajara.com\/wp-content\/uploads\/2026\/01\/Casa-8-Guadalajara-scaled.jpg&#8221; custom_padding=&#8221;12vw||12vw||true|false&#8221; locked=&#8221;off&#8221; collapsed=&#8221;on&#8221; global_colors_info=&#8221;{%22gcid-9fa4a1b6-767d-41ca-984c-a6f10449c843%22:%91%22background_color_gradient_stops%22,%22background_color_gradient_stops%22,%22background_color_gradient_stops%22,%22background_color_gradient_stops%22,%22background_color_gradient_stops%22%93,%22gcid-4907c8d4-9eff-49de-91ce-43a2d3a729cf%22:%91%22background_color_gradient_stops%22,%22background_color_gradient_stops%22,%22background_color_gradient_stops%22%93,%22gcid-2f3f3e09-0a26-4ea7-8906-5e1128945e3f%22:%91%22background_color_gradient_stops%22,%22background_color_gradient_stops%22,%22background_color_gradient_stops%22%93,%22gcid-1ffff270-c517-48ec-970c-6accd9c3b464%22:%91%22background_color_gradient_stops%22,%22background_color_gradient_stops%22,%22background_color_gradient_stops%22%93}&#8221;][et_pb_row _builder_version=&#8221;4.27.0&#8243; _module_preset=&#8221;default&#8221; max_width=&#8221;800px&#8221; global_colors_info=&#8221;{}&#8221;][et_pb_column type=&#8221;4_4&#8243; _builder_version=&#8221;4.20.0&#8243; _module_preset=&#8221;default&#8221; global_colors_info=&#8221;{}&#8221;][et_pb_heading title=&#8221;hospedaje en guadalajara&#8221; _builder_version=&#8221;4.27.5&#8243; _module_preset=&#8221;cbae0703-90c7-42dd-9119-a04a26425a63&#8243; title_text_align=&#8221;center&#8221; locked=&#8221;off&#8221; global_colors_info=&#8221;{}&#8221;][\/et_pb_heading][et_pb_divider divider_position=&#8221;bottom&#8221; _builder_version=&#8221;4.27.4&#8243; _module_preset=&#8221;79bd572a-9fe9-4865-9a91-c615b2b98026&#8243; max_width=&#8221;130px&#8221; module_alignment=&#8221;center&#8221; custom_margin=&#8221;||0px||false|false&#8221; global_colors_info=&#8221;{}&#8221;][\/et_pb_divider][et_pb_divider show_divider=&#8221;off&#8221; _builder_version=&#8221;4.27.4&#8243; _module_preset=&#8221;default&#8221; background_color=&#8221;gcid-primary-color&#8221; transform_rotate=&#8221;0deg|0deg|45deg&#8221; width=&#8221;16px&#8221; module_alignment=&#8221;center&#8221; height=&#8221;16px&#8221; custom_margin=&#8221;-10px||30px||false|false&#8221; global_colors_info=&#8221;{%22gcid-primary-color%22:%91%22background_color%22%93}&#8221;][\/et_pb_divider][et_pb_heading title=&#8221;Casa 8 de Julio &#8221; _builder_version=&#8221;4.27.5&#8243; _module_preset=&#8221;089f8464-245a-4784-a66a-95cae053accc&#8221; title_text_align=&#8221;center&#8221; locked=&#8221;off&#8221; global_colors_info=&#8221;{%22gcid-primary-color%22:%91%22quote_text_color%22%93}&#8221;][\/et_pb_heading][et_pb_heading title=&#8221;finca patrimonial del porfiriato en el centro de guadalajara&#8221; _builder_version=&#8221;4.27.5&#8243; _module_preset=&#8221;52d916a1-cdc0-4ec2-a0a0-25d73cae6947&#8243; title_text_align=&#8221;center&#8221; title_text_color=&#8221;#FFFFFF&#8221; locked=&#8221;off&#8221; global_colors_info=&#8221;{%22gcid-primary-color%22:%91%22quote_text_color%22%93}&#8221;][\/et_pb_heading][et_pb_button button_url=&#8221;http:\/\/airbnb.mx\/h\/casa8gdl&#8221; button_text=&#8221;quiero reservar&#8221; button_alignment=&#8221;center&#8221; _builder_version=&#8221;4.27.5&#8243; _module_preset=&#8221;f5aef475-5142-4a7a-a313-7112089946ab&#8221; global_colors_info=&#8221;{}&#8221;][\/et_pb_button][\/et_pb_column][\/et_pb_row][\/et_pb_section][et_pb_section fb_built=&#8221;1&#8243; admin_label=&#8221;Testimonials&#8221; _builder_version=&#8221;4.27.0&#8243; _module_preset=&#8221;default&#8221; collapsed=&#8221;on&#8221; global_colors_info=&#8221;{}&#8221;][et_pb_row _builder_version=&#8221;4.20.0&#8243; _module_preset=&#8221;default&#8221; hover_enabled=&#8221;0&#8243; global_colors_info=&#8221;{}&#8221; sticky_enabled=&#8221;0&#8243;][et_pb_column type=&#8221;4_4&#8243; _builder_version=&#8221;4.20.0&#8243; _module_preset=&#8221;default&#8221; global_colors_info=&#8221;{}&#8221;][et_pb_slider arrows_custom_color=&#8221;gcid-primary-color&#8221; dot_nav_custom_color=&#8221;gcid-primary-color&#8221; _builder_version=&#8221;4.27.0&#8243; _module_preset=&#8221;83e4645b-75d4-4714-839f-a547a4f98561&#8243; header_text_color=&#8221;gcid-primary-color&#8221; custom_padding=&#8221;30px||||false|false&#8221; locked=&#8221;off&#8221; global_colors_info=&#8221;{%22gcid-primary-color%22:%91%22quote_text_color%22,%22button_bg_color%22,%22header_text_color%22,%22arrows_custom_color%22,%22dot_nav_custom_color%22%93,%22gcid-heading-color%22:%91%22form_field_text_color%22%93,%22gcid-body-color%22:%91%22form_field_text_color%22%93}&#8221; quote_font_size_tablet=&#8221;18px&#8221; quote_font_size_phone=&#8221;15px&#8221; quote_font_size_last_edited=&#8221;on|desktop&#8221;][et_pb_slide heading=&#8221;\u2605\u2605\u2605\u2605\u2605&#8221; _builder_version=&#8221;4.27.0&#8243; _module_preset=&#8221;default&#8221; locked=&#8221;off&#8221; global_colors_info=&#8221;{}&#8221; sticky_transition=&#8221;on&#8221;]&#8221;From the moment I walked through their doors, I knew I was in good hands. They handled my case with professionalism, expertise, and genuine care, resulting in a favorable outcome that exceeded my expectations. I highly recommend them to anyone in need of legal assistance.&#8221;[\/et_pb_slide][et_pb_slide heading=&#8221;\u2605\u2605\u2605\u2605\u2605&#8221; _builder_version=&#8221;4.27.0&#8243; _module_preset=&#8221;default&#8221; locked=&#8221;off&#8221; global_colors_info=&#8221;{}&#8221; sticky_transition=&#8221;on&#8221;]&#8221;Their strategic approach, coupled with their deep understanding of business law, made all the difference. They fought tirelessly on our behalf, and the results speak for themselves. We couldn\u2019t have asked for better legal partners.&#8221;[\/et_pb_slide][et_pb_slide heading=&#8221;\u2605\u2605\u2605\u2605\u2605&#8221; _builder_version=&#8221;4.27.0&#8243; _module_preset=&#8221;default&#8221; locked=&#8221;off&#8221; global_colors_info=&#8221;{}&#8221; sticky_transition=&#8221;on&#8221;]&#8221;Their expertise and dedication gave me the confidence I needed to face the situation, and their hard work ultimately led to a positive resolution. I am forever thankful for their support and guidance.&#8221;[\/et_pb_slide][\/et_pb_slider][\/et_pb_column][\/et_pb_row][\/et_pb_section]<\/p>\n","protected":false},"excerpt":{"rendered":"<p>Casa 8 es una finca patrimonial restaurada con todos los par\u00e1metros del INAH, es de la \u00e9poca del Porfiriato, se ubica en el centro hist\u00f3rico de Guadalajara sobre Avenida 8 de Julio. De fachada sim\u00e9trica con la puerta de ingreso en medio y dos ventanas por cada lado. De destacarse, es su balaustrada (sorprendentemente, completa y original), y los adornos en forma de laurel que decoran los pedimentos.<\/p>\n","protected":false},"author":1,"featured_media":252,"parent":0,"menu_order":0,"comment_status":"closed","ping_status":"closed","template":"","meta":{"_et_pb_use_builder":"on","_et_pb_old_content":"","_et_gb_content_width":"","footnotes":""},"class_list":["post-190","page","type-page","status-publish","has-post-thumbnail","hentry"],"yoast_head":"<!-- This site is optimized with the Yoast SEO plugin v26.7 - https:\/\/yoast.com\/wordpress\/plugins\/seo\/ -->\n<title>Casa 8 - Hospedaje en Guadalajara<\/title>\n<meta name=\"description\" content=\"Finca patrimonial en el centro hist\u00f3rico de Guadalajara, de la \u00e9poca del Porfiriato tapat\u00edo, completamente lista para hospedarte en Jalisco\" \/>\n<meta name=\"robots\" content=\"index, follow, max-snippet:-1, max-image-preview:large, max-video-preview:-1\" \/>\n<link rel=\"canonical\" href=\"https:\/\/casa8guadalajara.com\/\" \/>\n<meta property=\"og:locale\" content=\"es_MX\" \/>\n<meta property=\"og:type\" content=\"article\" \/>\n<meta property=\"og:title\" content=\"Casa 8 Guadalajara - Hospedaje en Jalisco\" \/>\n<meta property=\"og:description\" content=\"Finca patrimonial en el centro hist\u00f3rico de Guadalajara, de la \u00e9poca del Porfiriato tapat\u00edo, completamente lista para hospedarte en Jalisco\" \/>\n<meta property=\"og:url\" content=\"https:\/\/casa8guadalajara.com\/\" \/>\n<meta property=\"og:site_name\" content=\"Casa 8 Guadalajara\" \/>\n<meta property=\"article:modified_time\" content=\"2026-01-15T02:18:58+00:00\" \/>\n<meta property=\"og:image\" content=\"https:\/\/casa8guadalajara.com\/wp-content\/uploads\/2026\/01\/Casa-8-Guadalajara-scaled.jpg\" \/>\n\t<meta property=\"og:image:width\" content=\"2560\" \/>\n\t<meta property=\"og:image:height\" content=\"1707\" \/>\n\t<meta property=\"og:image:type\" content=\"image\/jpeg\" \/>\n<meta name=\"twitter:card\" content=\"summary_large_image\" \/>\n<meta name=\"twitter:label1\" content=\"Tiempo de lectura\" \/>\n\t<meta name=\"twitter:data1\" content=\"3 minutos\" \/>\n<script type=\"application\/ld+json\" class=\"yoast-schema-graph\">{\"@context\":\"https:\/\/schema.org\",\"@graph\":[{\"@type\":\"WebPage\",\"@id\":\"https:\/\/casa8guadalajara.com\/\",\"url\":\"https:\/\/casa8guadalajara.com\/\",\"name\":\"Casa 8 - Hospedaje en Guadalajara\",\"isPartOf\":{\"@id\":\"https:\/\/casa8guadalajara.com\/#website\"},\"primaryImageOfPage\":{\"@id\":\"https:\/\/casa8guadalajara.com\/#primaryimage\"},\"image\":{\"@id\":\"https:\/\/casa8guadalajara.com\/#primaryimage\"},\"thumbnailUrl\":\"https:\/\/casa8guadalajara.com\/wp-content\/uploads\/2026\/01\/Casa-8-Guadalajara-scaled.jpg\",\"datePublished\":\"2025-08-04T19:28:07+00:00\",\"dateModified\":\"2026-01-15T02:18:58+00:00\",\"description\":\"Finca patrimonial en el centro hist\u00f3rico de Guadalajara, de la \u00e9poca del Porfiriato tapat\u00edo, completamente lista para hospedarte en Jalisco\",\"breadcrumb\":{\"@id\":\"https:\/\/casa8guadalajara.com\/#breadcrumb\"},\"inLanguage\":\"es\",\"potentialAction\":[{\"@type\":\"ReadAction\",\"target\":[\"https:\/\/casa8guadalajara.com\/\"]}]},{\"@type\":\"ImageObject\",\"inLanguage\":\"es\",\"@id\":\"https:\/\/casa8guadalajara.com\/#primaryimage\",\"url\":\"https:\/\/casa8guadalajara.com\/wp-content\/uploads\/2026\/01\/Casa-8-Guadalajara-scaled.jpg\",\"contentUrl\":\"https:\/\/casa8guadalajara.com\/wp-content\/uploads\/2026\/01\/Casa-8-Guadalajara-scaled.jpg\",\"width\":2560,\"height\":1707,\"caption\":\"Casa 8 de Julio\"},{\"@type\":\"BreadcrumbList\",\"@id\":\"https:\/\/casa8guadalajara.com\/#breadcrumb\",\"itemListElement\":[{\"@type\":\"ListItem\",\"position\":1,\"name\":\"Inicio\",\"item\":\"https:\/\/casa8guadalajara.com\/\"},{\"@type\":\"ListItem\",\"position\":2,\"name\":\"Home\"}]},{\"@type\":\"WebSite\",\"@id\":\"https:\/\/casa8guadalajara.com\/#website\",\"url\":\"https:\/\/casa8guadalajara.com\/\",\"name\":\"Casa 8 Guadalajara\",\"description\":\"Finca patrimonial\",\"potentialAction\":[{\"@type\":\"SearchAction\",\"target\":{\"@type\":\"EntryPoint\",\"urlTemplate\":\"https:\/\/casa8guadalajara.com\/?s={search_term_string}\"},\"query-input\":{\"@type\":\"PropertyValueSpecification\",\"valueRequired\":true,\"valueName\":\"search_term_string\"}}],\"inLanguage\":\"es\"}]}<\/script>\n<!-- \/ Yoast SEO plugin. -->","yoast_head_json":{"title":"Casa 8 - Hospedaje en Guadalajara","description":"Finca patrimonial en el centro hist\u00f3rico de Guadalajara, de la \u00e9poca del Porfiriato tapat\u00edo, completamente lista para hospedarte en Jalisco","robots":{"index":"index","follow":"follow","max-snippet":"max-snippet:-1","max-image-preview":"max-image-preview:large","max-video-preview":"max-video-preview:-1"},"canonical":"https:\/\/casa8guadalajara.com\/","og_locale":"es_MX","og_type":"article","og_title":"Casa 8 Guadalajara - Hospedaje en Jalisco","og_description":"Finca patrimonial en el centro hist\u00f3rico de Guadalajara, de la \u00e9poca del Porfiriato tapat\u00edo, completamente lista para hospedarte en Jalisco","og_url":"https:\/\/casa8guadalajara.com\/","og_site_name":"Casa 8 Guadalajara","article_modified_time":"2026-01-15T02:18:58+00:00","og_image":[{"width":2560,"height":1707,"url":"https:\/\/casa8guadalajara.com\/wp-content\/uploads\/2026\/01\/Casa-8-Guadalajara-scaled.jpg","type":"image\/jpeg"}],"twitter_card":"summary_large_image","twitter_misc":{"Tiempo de lectura":"3 minutos"},"schema":{"@context":"https:\/\/schema.org","@graph":[{"@type":"WebPage","@id":"https:\/\/casa8guadalajara.com\/","url":"https:\/\/casa8guadalajara.com\/","name":"Casa 8 - Hospedaje en Guadalajara","isPartOf":{"@id":"https:\/\/casa8guadalajara.com\/#website"},"primaryImageOfPage":{"@id":"https:\/\/casa8guadalajara.com\/#primaryimage"},"image":{"@id":"https:\/\/casa8guadalajara.com\/#primaryimage"},"thumbnailUrl":"https:\/\/casa8guadalajara.com\/wp-content\/uploads\/2026\/01\/Casa-8-Guadalajara-scaled.jpg","datePublished":"2025-08-04T19:28:07+00:00","dateModified":"2026-01-15T02:18:58+00:00","description":"Finca patrimonial en el centro hist\u00f3rico de Guadalajara, de la \u00e9poca del Porfiriato tapat\u00edo, completamente lista para hospedarte en Jalisco","breadcrumb":{"@id":"https:\/\/casa8guadalajara.com\/#breadcrumb"},"inLanguage":"es","potentialAction":[{"@type":"ReadAction","target":["https:\/\/casa8guadalajara.com\/"]}]},{"@type":"ImageObject","inLanguage":"es","@id":"https:\/\/casa8guadalajara.com\/#primaryimage","url":"https:\/\/casa8guadalajara.com\/wp-content\/uploads\/2026\/01\/Casa-8-Guadalajara-scaled.jpg","contentUrl":"https:\/\/casa8guadalajara.com\/wp-content\/uploads\/2026\/01\/Casa-8-Guadalajara-scaled.jpg","width":2560,"height":1707,"caption":"Casa 8 de Julio"},{"@type":"BreadcrumbList","@id":"https:\/\/casa8guadalajara.com\/#breadcrumb","itemListElement":[{"@type":"ListItem","position":1,"name":"Inicio","item":"https:\/\/casa8guadalajara.com\/"},{"@type":"ListItem","position":2,"name":"Home"}]},{"@type":"WebSite","@id":"https:\/\/casa8guadalajara.com\/#website","url":"https:\/\/casa8guadalajara.com\/","name":"Casa 8 Guadalajara","description":"Finca patrimonial","potentialAction":[{"@type":"SearchAction","target":{"@type":"EntryPoint","urlTemplate":"https:\/\/casa8guadalajara.com\/?s={search_term_string}"},"query-input":{"@type":"PropertyValueSpecification","valueRequired":true,"valueName":"search_term_string"}}],"inLanguage":"es"}]}},"_links":{"self":[{"href":"https:\/\/casa8guadalajara.com\/index.php\/wp-json\/wp\/v2\/pages\/190","targetHints":{"allow":["GET"]}}],"collection":[{"href":"https:\/\/casa8guadalajara.com\/index.php\/wp-json\/wp\/v2\/pages"}],"about":[{"href":"https:\/\/casa8guadalajara.com\/index.php\/wp-json\/wp\/v2\/types\/page"}],"author":[{"embeddable":true,"href":"https:\/\/casa8guadalajara.com\/index.php\/wp-json\/wp\/v2\/users\/1"}],"replies":[{"embeddable":true,"href":"https:\/\/casa8guadalajara.com\/index.php\/wp-json\/wp\/v2\/comments?post=190"}],"version-history":[{"count":9,"href":"https:\/\/casa8guadalajara.com\/index.php\/wp-json\/wp\/v2\/pages\/190\/revisions"}],"predecessor-version":[{"id":258,"href":"https:\/\/casa8guadalajara.com\/index.php\/wp-json\/wp\/v2\/pages\/190\/revisions\/258"}],"wp:featuredmedia":[{"embeddable":true,"href":"https:\/\/casa8guadalajara.com\/index.php\/wp-json\/wp\/v2\/media\/252"}],"wp:attachment":[{"href":"https:\/\/casa8guadalajara.com\/index.php\/wp-json\/wp\/v2\/media?parent=190"}],"curies":[{"name":"wp","href":"https:\/\/api.w.org\/{rel}","templated":true}]}}